{"id":4521,"date":"2025-12-18T19:58:50","date_gmt":"2025-12-18T18:58:50","guid":{"rendered":"https:\/\/cczuric.cat\/?page_id=4521"},"modified":"2025-12-18T21:42:07","modified_gmt":"2025-12-18T20:42:07","slug":"legal-information","status":"publish","type":"page","link":"https:\/\/cczuric.cat\/en\/the-casal\/legal-information\/","title":{"rendered":"Legal information"},"content":{"rendered":"\n<h3 class=\"wp-block-heading has-neve-text-color-color has-text-color has-link-color wp-elements-6f869914d8363e31db2cbd4cf987831b\">PRIVACY POLICY AND IMAGE RIGHTS<\/h3>\n\n\n\n<p class=\"has-neve-text-color-color has-text-color has-link-color wp-elements-4ed277b90f0a03cee46d3d57825c18dd\">The data collected in the membership register of the Casal Catal\u00e0 de Z\u00faric, as well as those data collected for the organization of activities and events, will only be handled by the members of the Board, with the purpose of making internal statistics on the profiles of the members and attendees, in order to better guide the offer of activities. The data provided will never be public and will not be transferred to third parties, except in cases where there is a legal obligation. In no case will information be transferred to third parties without requesting the authorization of the members. The data will be kept as long as the condition of member is maintained, or for the years necessary to comply with legal obligations.   <\/p>\n\n\n\n<p class=\"has-neve-text-color-color has-text-color has-link-color wp-elements-68d4ee2c96c396b66223083aaaf6a3ef\">Any person, whether a member or not of the Casal Catal\u00e0 de Z\u00faric, has the right to consult whether the Casal possesses their personal data and to request its rectification, deletion, limitation of processing, data portability and\/or opposition, in accordance with the provisions of articles 15 to 22 of the RGPD, by sending an email to <a>cczuric@gmail.com<\/a>.<\/p>\n\n\n\n<p class=\"has-neve-text-color-color has-text-color has-link-color wp-elements-c7e98c8600e2884fcdcba038d52ca0e4\">People who participate in the activities organized by the Casal Catal\u00e0 de Z\u00faric, whether by purchasing a paid ticket or signing up for free, by default accept being photographed and that the Casal uses these photographs for promotion on social networks and\/or the website. These images will be taken, as far as possible, as general views of the activity, avoiding close-ups and, especially, the appearance of children. Participants who are not interested in appearing must communicate this to the Board member in charge of organizing the activity at the beginning of it. If at any time participants wish to withdraw their image consent for any image that appears on the Casal\u2019s website or networks, they can communicate this to <a>cczuric@gmail.com<\/a>.   <\/p>\n\n\n\n<div style=\"height:50px\" aria-hidden=\"true\" class=\"wp-block-spacer\"><\/div>\n\n\n\n<h3 class=\"wp-block-heading has-neve-text-color-color has-text-color has-link-color wp-elements-3f3926831f4cbd468437155e4b7ad9bb\"><strong>TICKETS CANCELLATION POLICY<\/strong><\/h3>\n\n\n\n<p class=\"has-neve-text-color-color has-text-color has-link-color wp-elements-5be8cf592f65794ca079befd59078dae\">For any ticket cancellation, please notify us <strong>by email<\/strong> at <a>cczuric@gmail.com<\/a> <strong>at least 72 hours before the start of the event<\/strong>. The refund conditions are as follows: <\/p>\n\n\n\n<ul class=\"wp-block-list has-neve-text-color-color has-text-color has-link-color wp-elements-7a1c8512cbac960e88157adfe148f5b8\">\n<li class=\"has-neve-text-color-color has-text-color has-link-color wp-elements-fd0854eed24c255751fc99954253add6\"><strong>Up to 7 days before the event<\/strong>: full refund of the amount.<\/li>\n\n\n\n<li class=\"has-neve-text-color-color has-text-color has-link-color wp-elements-c12dc5dac8a2882a56cf6b2dea38892d\"><strong>Between 7 days and 72 hours before<\/strong>: partial refund, minus the management fees charged by the payment platform.<\/li>\n\n\n\n<li class=\"has-neve-text-color-color has-text-color has-link-color wp-elements-981401599b3065708cb453ba9e8d152c\">Less than 72 hours before the event: no refund will be made.<\/li>\n<\/ul>\n\n\n\n<p class=\"has-neve-text-color-color has-text-color has-link-color wp-elements-960c3c4fbbff8cfa0e30100784cd57b5\">The resale of tickets to third parties is not permitted without first contacting us, in order to verify that the recipient meets the conditions of the purchased rate (for example, whether or not they are a member of the Casal).<\/p>\n\n\n\n<p class=\"has-neve-text-color-color has-text-color has-link-color wp-elements-b3dc7e54347c92de5b8829c43c4624f9\">In <strong>events with a waiting list<\/strong>, such as the cal\u00e7otada, <strong>no resale is allowed<\/strong>. In these cases, if you want to transfer the ticket, you must inform the Casal so that it can be assigned following the order established on the waiting list. <\/p>\n\n\n\n<p class=\"has-neve-text-color-color has-text-color has-link-color wp-elements-c6db5da846437246b54ee9cf86992ae6\">We appreciate your collaboration in ensuring fair and orderly management of tickets.<\/p>\n\n\n\n<div style=\"height:50px\" aria-hidden=\"true\" class=\"wp-block-spacer\"><\/div>\n","protected":false},"excerpt":{"rendered":"<p>PRIVACY POLICY AND IMAGE RIGHTS The data collected in the membership register of the Casal Catal\u00e0 de Z\u00faric, as well as those data collected for the organization of activities and&hellip;&nbsp;<a href=\"https:\/\/cczuric.cat\/en\/the-casal\/legal-information\/\" rel=\"bookmark\">Read More &raquo;<span class=\"screen-reader-text\">Legal information<\/span><\/a><\/p>\n","protected":false},"author":6,"featured_media":0,"parent":4172,"menu_order":50,"comment_status":"closed","ping_status":"closed","template":"","meta":{"neve_meta_sidebar":"default","neve_meta_container":"","neve_meta_enable_content_width":"on","neve_meta_content_width":100,"neve_meta_title_alignment":"","neve_meta_author_avatar":"","neve_post_elements_order":"","neve_meta_disable_header":"","neve_meta_disable_footer":"","neve_meta_disable_title":"off","neve_meta_reading_time":"","_price":"","_stock":"","_tribe_ticket_header":"","_tribe_default_ticket_provider":"","_tribe_ticket_capacity":"0","_ticket_start_date":"","_ticket_end_date":"","_tribe_ticket_show_description":"","_tribe_ticket_show_not_going":false,"_tribe_ticket_use_global_stock":"","_tribe_ticket_global_stock_level":"","_global_stock_mode":"","_global_stock_cap":"","_tribe_rsvp_for_event":"","_tribe_ticket_going_count":"","_tribe_ticket_not_going_count":"","_tribe_tickets_list":"[]","_tribe_ticket_has_attendee_info_fields":false,"_themeisle_gutenberg_block_has_review":false,"_ti_tpc_template_sync":false,"_ti_tpc_template_id":"","footnotes":""},"class_list":["post-4521","page","type-page","status-publish","hentry"],"yoast_head":"<!-- This site is optimized with the Yoast SEO plugin v27.4 - https:\/\/yoast.com\/product\/yoast-seo-wordpress\/ -->\n<title>Legal information - Casal Catal\u00e0 de Z\u00faric<\/title>\n<meta name=\"description\" content=\"The Casal Catal\u00e0 de Z\u00faric is an organization with many years of history that was founded to be the meeting point for Catalans in the Zurich area.\" \/>\n<meta name=\"robots\" content=\"index, follow, max-snippet:-1, max-image-preview:large, max-video-preview:-1\" \/>\n<link rel=\"canonical\" href=\"https:\/\/cczuric.cat\/en\/the-casal\/legal-information\/\" \/>\n<meta property=\"og:locale\" content=\"en_US\" \/>\n<meta property=\"og:type\" content=\"article\" \/>\n<meta property=\"og:title\" content=\"Legal information - Casal Catal\u00e0 de Z\u00faric\" \/>\n<meta property=\"og:description\" content=\"The Casal Catal\u00e0 de Z\u00faric is an organization with many years of history that was founded to be the meeting point for Catalans in the Zurich area.\" \/>\n<meta property=\"og:url\" content=\"https:\/\/cczuric.cat\/en\/the-casal\/legal-information\/\" \/>\n<meta property=\"og:site_name\" content=\"Casal Catal\u00e0 de Z\u00faric\" \/>\n<meta property=\"article:publisher\" content=\"https:\/\/www.facebook.com\/Casal.Catala.Zuric\" \/>\n<meta property=\"article:modified_time\" content=\"2025-12-18T20:42:07+00:00\" \/>\n<meta name=\"twitter:card\" content=\"summary_large_image\" \/>\n<meta name=\"twitter:site\" content=\"@CCZuric\" \/>\n<meta name=\"twitter:label1\" content=\"Est. reading time\" \/>\n\t<meta name=\"twitter:data1\" content=\"3 minutes\" \/>\n<script type=\"application\/ld+json\" class=\"yoast-schema-graph\">{\"@context\":\"https:\\\/\\\/schema.org\",\"@graph\":[{\"@type\":\"WebPage\",\"@id\":\"https:\\\/\\\/cczuric.cat\\\/en\\\/the-casal\\\/legal-information\\\/\",\"url\":\"https:\\\/\\\/cczuric.cat\\\/en\\\/the-casal\\\/legal-information\\\/\",\"name\":\"Legal information - Casal Catal\u00e0 de Z\u00faric\",\"isPartOf\":{\"@id\":\"https:\\\/\\\/cczuric.cat\\\/en\\\/#website\"},\"datePublished\":\"2025-12-18T18:58:50+00:00\",\"dateModified\":\"2025-12-18T20:42:07+00:00\",\"description\":\"The Casal Catal\u00e0 de Z\u00faric is an organization with many years of history that was founded to be the meeting point for Catalans in the Zurich area.\",\"breadcrumb\":{\"@id\":\"https:\\\/\\\/cczuric.cat\\\/en\\\/the-casal\\\/legal-information\\\/#breadcrumb\"},\"inLanguage\":\"en-US\",\"potentialAction\":[{\"@type\":\"ReadAction\",\"target\":[\"https:\\\/\\\/cczuric.cat\\\/en\\\/the-casal\\\/legal-information\\\/\"]}]},{\"@type\":\"BreadcrumbList\",\"@id\":\"https:\\\/\\\/cczuric.cat\\\/en\\\/the-casal\\\/legal-information\\\/#breadcrumb\",\"itemListElement\":[{\"@type\":\"ListItem\",\"position\":1,\"name\":\"The Casal\",\"item\":\"https:\\\/\\\/cczuric.cat\\\/en\\\/the-casal\\\/\"},{\"@type\":\"ListItem\",\"position\":2,\"name\":\"Legal information\"}]},{\"@type\":\"WebSite\",\"@id\":\"https:\\\/\\\/cczuric.cat\\\/en\\\/#website\",\"url\":\"https:\\\/\\\/cczuric.cat\\\/en\\\/\",\"name\":\"Casal Catal\u00e0 de Z\u00faric\",\"description\":\"\",\"publisher\":{\"@id\":\"https:\\\/\\\/cczuric.cat\\\/en\\\/#organization\"},\"alternateName\":\"CCZ\",\"potentialAction\":[{\"@type\":\"SearchAction\",\"target\":{\"@type\":\"EntryPoint\",\"urlTemplate\":\"https:\\\/\\\/cczuric.cat\\\/en\\\/?s={search_term_string}\"},\"query-input\":{\"@type\":\"PropertyValueSpecification\",\"valueRequired\":true,\"valueName\":\"search_term_string\"}}],\"inLanguage\":\"en-US\"},{\"@type\":\"Organization\",\"@id\":\"https:\\\/\\\/cczuric.cat\\\/en\\\/#organization\",\"name\":\"Casal Catal\u00e0 de Z\u00faric\",\"url\":\"https:\\\/\\\/cczuric.cat\\\/en\\\/\",\"logo\":{\"@type\":\"ImageObject\",\"inLanguage\":\"en-US\",\"@id\":\"https:\\\/\\\/cczuric.cat\\\/en\\\/#\\\/schema\\\/logo\\\/image\\\/\",\"url\":\"https:\\\/\\\/cczuric.cat\\\/wp-content\\\/uploads\\\/2025\\\/01\\\/logo-a-cczuric.png\",\"contentUrl\":\"https:\\\/\\\/cczuric.cat\\\/wp-content\\\/uploads\\\/2025\\\/01\\\/logo-a-cczuric.png\",\"width\":470,\"height\":495,\"caption\":\"Casal Catal\u00e0 de Z\u00faric\"},\"image\":{\"@id\":\"https:\\\/\\\/cczuric.cat\\\/en\\\/#\\\/schema\\\/logo\\\/image\\\/\"},\"sameAs\":[\"https:\\\/\\\/www.facebook.com\\\/Casal.Catala.Zuric\",\"https:\\\/\\\/x.com\\\/CCZuric\",\"https:\\\/\\\/www.instagram.com\\\/cczuric\\\/\"]}]}<\/script>\n<!-- \/ Yoast SEO plugin. -->","yoast_head_json":{"title":"Legal information - Casal Catal\u00e0 de Z\u00faric","description":"The Casal Catal\u00e0 de Z\u00faric is an organization with many years of history that was founded to be the meeting point for Catalans in the Zurich area.","robots":{"index":"index","follow":"follow","max-snippet":"max-snippet:-1","max-image-preview":"max-image-preview:large","max-video-preview":"max-video-preview:-1"},"canonical":"https:\/\/cczuric.cat\/en\/the-casal\/legal-information\/","og_locale":"en_US","og_type":"article","og_title":"Legal information - Casal Catal\u00e0 de Z\u00faric","og_description":"The Casal Catal\u00e0 de Z\u00faric is an organization with many years of history that was founded to be the meeting point for Catalans in the Zurich area.","og_url":"https:\/\/cczuric.cat\/en\/the-casal\/legal-information\/","og_site_name":"Casal Catal\u00e0 de Z\u00faric","article_publisher":"https:\/\/www.facebook.com\/Casal.Catala.Zuric","article_modified_time":"2025-12-18T20:42:07+00:00","twitter_card":"summary_large_image","twitter_site":"@CCZuric","twitter_misc":{"Est. reading time":"3 minutes"},"schema":{"@context":"https:\/\/schema.org","@graph":[{"@type":"WebPage","@id":"https:\/\/cczuric.cat\/en\/the-casal\/legal-information\/","url":"https:\/\/cczuric.cat\/en\/the-casal\/legal-information\/","name":"Legal information - Casal Catal\u00e0 de Z\u00faric","isPartOf":{"@id":"https:\/\/cczuric.cat\/en\/#website"},"datePublished":"2025-12-18T18:58:50+00:00","dateModified":"2025-12-18T20:42:07+00:00","description":"The Casal Catal\u00e0 de Z\u00faric is an organization with many years of history that was founded to be the meeting point for Catalans in the Zurich area.","breadcrumb":{"@id":"https:\/\/cczuric.cat\/en\/the-casal\/legal-information\/#breadcrumb"},"inLanguage":"en-US","potentialAction":[{"@type":"ReadAction","target":["https:\/\/cczuric.cat\/en\/the-casal\/legal-information\/"]}]},{"@type":"BreadcrumbList","@id":"https:\/\/cczuric.cat\/en\/the-casal\/legal-information\/#breadcrumb","itemListElement":[{"@type":"ListItem","position":1,"name":"The Casal","item":"https:\/\/cczuric.cat\/en\/the-casal\/"},{"@type":"ListItem","position":2,"name":"Legal information"}]},{"@type":"WebSite","@id":"https:\/\/cczuric.cat\/en\/#website","url":"https:\/\/cczuric.cat\/en\/","name":"Casal Catal\u00e0 de Z\u00faric","description":"","publisher":{"@id":"https:\/\/cczuric.cat\/en\/#organization"},"alternateName":"CCZ","potentialAction":[{"@type":"SearchAction","target":{"@type":"EntryPoint","urlTemplate":"https:\/\/cczuric.cat\/en\/?s={search_term_string}"},"query-input":{"@type":"PropertyValueSpecification","valueRequired":true,"valueName":"search_term_string"}}],"inLanguage":"en-US"},{"@type":"Organization","@id":"https:\/\/cczuric.cat\/en\/#organization","name":"Casal Catal\u00e0 de Z\u00faric","url":"https:\/\/cczuric.cat\/en\/","logo":{"@type":"ImageObject","inLanguage":"en-US","@id":"https:\/\/cczuric.cat\/en\/#\/schema\/logo\/image\/","url":"https:\/\/cczuric.cat\/wp-content\/uploads\/2025\/01\/logo-a-cczuric.png","contentUrl":"https:\/\/cczuric.cat\/wp-content\/uploads\/2025\/01\/logo-a-cczuric.png","width":470,"height":495,"caption":"Casal Catal\u00e0 de Z\u00faric"},"image":{"@id":"https:\/\/cczuric.cat\/en\/#\/schema\/logo\/image\/"},"sameAs":["https:\/\/www.facebook.com\/Casal.Catala.Zuric","https:\/\/x.com\/CCZuric","https:\/\/www.instagram.com\/cczuric\/"]}]}},"_links":{"self":[{"href":"https:\/\/cczuric.cat\/en\/wp-json\/wp\/v2\/pages\/4521","targetHints":{"allow":["GET"]}}],"collection":[{"href":"https:\/\/cczuric.cat\/en\/wp-json\/wp\/v2\/pages"}],"about":[{"href":"https:\/\/cczuric.cat\/en\/wp-json\/wp\/v2\/types\/page"}],"author":[{"embeddable":true,"href":"https:\/\/cczuric.cat\/en\/wp-json\/wp\/v2\/users\/6"}],"replies":[{"embeddable":true,"href":"https:\/\/cczuric.cat\/en\/wp-json\/wp\/v2\/comments?post=4521"}],"version-history":[{"count":2,"href":"https:\/\/cczuric.cat\/en\/wp-json\/wp\/v2\/pages\/4521\/revisions"}],"predecessor-version":[{"id":4576,"href":"https:\/\/cczuric.cat\/en\/wp-json\/wp\/v2\/pages\/4521\/revisions\/4576"}],"up":[{"embeddable":true,"href":"https:\/\/cczuric.cat\/en\/wp-json\/wp\/v2\/pages\/4172"}],"wp:attachment":[{"href":"https:\/\/cczuric.cat\/en\/wp-json\/wp\/v2\/media?parent=4521"}],"curies":[{"name":"wp","href":"https:\/\/api.w.org\/{rel}","templated":true}]}}

<h3 class="wp-block-heading has-neve-text-color-color has-text-color has-link-color wp-elements-6f869914d8363e31db2cbd4cf987831b">PRIVACY POLICY AND IMAGE RIGHTS</h3>



<p class="has-neve-text-color-color has-text-color has-link-color wp-elements-4ed277b90f0a03cee46d3d57825c18dd">The data collected in the membership register of the Casal Català de Zúric, as well as those data collected for the organization of activities and events, will only be handled by the members of the Board, with the purpose of making internal statistics on the profiles of the members and attendees, in order to better guide the offer of activities. The data provided will never be public and will not be transferred to third parties, except in cases where there is a legal obligation. In no case will information be transferred to third parties without requesting the authorization of the members. The data will be kept as long as the condition of member is maintained, or for the years necessary to comply with legal obligations.   </p>



<p class="has-neve-text-color-color has-text-color has-link-color wp-elements-68d4ee2c96c396b66223083aaaf6a3ef">Any person, whether a member or not of the Casal Català de Zúric, has the right to consult whether the Casal possesses their personal data and to request its rectification, deletion, limitation of processing, data portability and/or opposition, in accordance with the provisions of articles 15 to 22 of the RGPD, by sending an email to <a>cczuric@gmail.com</a>.</p>



<p class="has-neve-text-color-color has-text-color has-link-color wp-elements-c7e98c8600e2884fcdcba038d52ca0e4">People who participate in the activities organized by the Casal Català de Zúric, whether by purchasing a paid ticket or signing up for free, by default accept being photographed and that the Casal uses these photographs for promotion on social networks and/or the website. These images will be taken, as far as possible, as general views of the activity, avoiding close-ups and, especially, the appearance of children. Participants who are not interested in appearing must communicate this to the Board member in charge of organizing the activity at the beginning of it. If at any time participants wish to withdraw their image consent for any image that appears on the Casal’s website or networks, they can communicate this to <a>cczuric@gmail.com</a>.   </p>



<div style="height:50px" aria-hidden="true" class="wp-block-spacer"></div>



<h3 class="wp-block-heading has-neve-text-color-color has-text-color has-link-color wp-elements-3f3926831f4cbd468437155e4b7ad9bb"><strong>TICKETS CANCELLATION POLICY</strong></h3>



<p class="has-neve-text-color-color has-text-color has-link-color wp-elements-5be8cf592f65794ca079befd59078dae">For any ticket cancellation, please notify us <strong>by email</strong> at <a>cczuric@gmail.com</a> <strong>at least 72 hours before the start of the event</strong>. The refund conditions are as follows: </p>



<ul class="wp-block-list has-neve-text-color-color has-text-color has-link-color wp-elements-7a1c8512cbac960e88157adfe148f5b8">
<li class="has-neve-text-color-color has-text-color has-link-color wp-elements-fd0854eed24c255751fc99954253add6"><strong>Up to 7 days before the event</strong>: full refund of the amount.</li>



<li class="has-neve-text-color-color has-text-color has-link-color wp-elements-c12dc5dac8a2882a56cf6b2dea38892d"><strong>Between 7 days and 72 hours before</strong>: partial refund, minus the management fees charged by the payment platform.</li>



<li class="has-neve-text-color-color has-text-color has-link-color wp-elements-981401599b3065708cb453ba9e8d152c">Less than 72 hours before the event: no refund will be made.</li>
</ul>



<p class="has-neve-text-color-color has-text-color has-link-color wp-elements-960c3c4fbbff8cfa0e30100784cd57b5">The resale of tickets to third parties is not permitted without first contacting us, in order to verify that the recipient meets the conditions of the purchased rate (for example, whether or not they are a member of the Casal).</p>



<p class="has-neve-text-color-color has-text-color has-link-color wp-elements-b3dc7e54347c92de5b8829c43c4624f9">In <strong>events with a waiting list</strong>, such as the calçotada, <strong>no resale is allowed</strong>. In these cases, if you want to transfer the ticket, you must inform the Casal so that it can be assigned following the order established on the waiting list. </p>



<p class="has-neve-text-color-color has-text-color has-link-color wp-elements-c6db5da846437246b54ee9cf86992ae6">We appreciate your collaboration in ensuring fair and orderly management of tickets.</p>



<div style="height:50px" aria-hidden="true" class="wp-block-spacer"></div>

<p>PRIVACY POLICY AND IMAGE RIGHTS The data collected in the membership register of the Casal Català de Zúric, as well as those data collected for the organization of activities and&hellip;&nbsp;<a href="https://cczuric.cat/en/the-casal/legal-information/" rel="bookmark">Read More &raquo;<span class="screen-reader-text">Legal information</span></a></p>

<!-- This site is optimized with the Yoast SEO plugin v27.4 - https://yoast.com/product/yoast-seo-wordpress/ -->
<title>Legal information - Casal Català de Zúric</title>
<meta name="description" content="The Casal Català de Zúric is an organization with many years of history that was founded to be the meeting point for Catalans in the Zurich area." />
<meta name="robots" content="index, follow, max-snippet:-1, max-image-preview:large, max-video-preview:-1" />
<link rel="canonical" href="https://cczuric.cat/en/the-casal/legal-information/" />
<meta property="og:locale" content="en_US" />
<meta property="og:type" content="article" />
<meta property="og:title" content="Legal information - Casal Català de Zúric" />
<meta property="og:description" content="The Casal Català de Zúric is an organization with many years of history that was founded to be the meeting point for Catalans in the Zurich area." />
<meta property="og:url" content="https://cczuric.cat/en/the-casal/legal-information/" />
<meta property="og:site_name" content="Casal Català de Zúric" />
<meta property="article:publisher" content="https://www.facebook.com/Casal.Catala.Zuric" />
<meta property="article:modified_time" content="2025-12-18T20:42:07+00:00" />
<meta name="twitter:card" content="summary_large_image" />
<meta name="twitter:site" content="@CCZuric" />
<meta name="twitter:label1" content="Est. reading time" />
	<meta name="twitter:data1" content="3 minutes" />
<script type="application/ld+json" class="yoast-schema-graph">{"@context":"https:\/\/schema.org","@graph":[{"@type":"WebPage","@id":"https:\/\/cczuric.cat\/en\/the-casal\/legal-information\/","url":"https:\/\/cczuric.cat\/en\/the-casal\/legal-information\/","name":"Legal information - Casal Català de Zúric","isPartOf":{"@id":"https:\/\/cczuric.cat\/en\/#website"},"datePublished":"2025-12-18T18:58:50+00:00","dateModified":"2025-12-18T20:42:07+00:00","description":"The Casal Català de Zúric is an organization with many years of history that was founded to be the meeting point for Catalans in the Zurich area.","breadcrumb":{"@id":"https:\/\/cczuric.cat\/en\/the-casal\/legal-information\/#breadcrumb"},"inLanguage":"en-US","potentialAction":[{"@type":"ReadAction","target":["https:\/\/cczuric.cat\/en\/the-casal\/legal-information\/"]}]},{"@type":"BreadcrumbList","@id":"https:\/\/cczuric.cat\/en\/the-casal\/legal-information\/#breadcrumb","itemListElement":[{"@type":"ListItem","position":1,"name":"The Casal","item":"https:\/\/cczuric.cat\/en\/the-casal\/"},{"@type":"ListItem","position":2,"name":"Legal information"}]},{"@type":"WebSite","@id":"https:\/\/cczuric.cat\/en\/#website","url":"https:\/\/cczuric.cat\/en\/","name":"Casal Català de Zúric","description":"","publisher":{"@id":"https:\/\/cczuric.cat\/en\/#organization"},"alternateName":"CCZ","potentialAction":[{"@type":"SearchAction","target":{"@type":"EntryPoint","urlTemplate":"https:\/\/cczuric.cat\/en\/?s={search_term_string}"},"query-input":{"@type":"PropertyValueSpecification","valueRequired":true,"valueName":"search_term_string"}}],"inLanguage":"en-US"},{"@type":"Organization","@id":"https:\/\/cczuric.cat\/en\/#organization","name":"Casal Català de Zúric","url":"https:\/\/cczuric.cat\/en\/","logo":{"@type":"ImageObject","inLanguage":"en-US","@id":"https:\/\/cczuric.cat\/en\/#\/schema\/logo\/image\/","url":"https:\/\/cczuric.cat\/wp-content\/uploads\/2025\/01\/logo-a-cczuric.png","contentUrl":"https:\/\/cczuric.cat\/wp-content\/uploads\/2025\/01\/logo-a-cczuric.png","width":470,"height":495,"caption":"Casal Català de Zúric"},"image":{"@id":"https:\/\/cczuric.cat\/en\/#\/schema\/logo\/image\/"},"sameAs":["https:\/\/www.facebook.com\/Casal.Catala.Zuric","https:\/\/x.com\/CCZuric","https:\/\/www.instagram.com\/cczuric\/"]}]}</script>
<!-- / Yoast SEO plugin. -->

Legal information - Casal Català de Zúric

The Casal Català de Zúric is an organization with many years of history that was founded to be the meeting point for Catalans in the Zurich area.

Casal Català de Zúric
